rime factors of 28695 + (54/15)/(26/65)?
2, 3, 13, 23
Let k = 8566 - 8404. List the prime factors of k.
2, 3
List the prime factors of ((16/12)/(-4))/(41/(-12546)).
2, 3, 17
Let t(p) = 388*p**2 - 119*p - 787. List the prime factors of t(-8).
7, 3571
Let w(g) = -12*g + 30. Let a be (9/5 - -1)/(16/(-80)). What are the prime factors of w(a)?
2, 3, 11
List the prime factors of (-40)/(-1)*15295/322.
2, 5, 19
Suppose 90*j = 82*j + 8688. Suppose 2*c + j - 3098 = 0. What are the prime factors of c?
2, 503
Let a(g) be the first derivative of -3*g**2 - 4*g + 1. Let v = 224 + -233. List the prime factors of a(v).
2, 5
Suppose 15*a - 5*a = 60. Suppose 0 = 4*g - h - 14, 4*h = g + 5*h - a. Suppose -10 = 5*x, g*m + 4*x - 206 = x. List the prime factors of m.
53
What are the prime factors of 2/(8/29836) - 0/(2 - -3)?
7459
Suppose -4*d + 545 = 3*s, d - 5*s = 141 + 24. Let j = d - 101. List the prime factors of j.
3, 13
Let h(o) = -417*o - 730. What are the prime factors of h(-6)?
2, 443
Let n = -12 - -12. Let l be 3 + n + 19 + 2. Let j = 87 - l. What are the prime factors of j?
3, 7
Suppose -600 = -2*a - 3*a. Suppose -114*s + a*s = 0. Suppose -8*d + 224 + 208 = s. List the prime factors of d.
2, 3
Let d be ((-15)/(-6) - 1)*(-16)/12. List the prime factors of (-3)/d*-3*5194/(-63).
7, 53
Let v(k) = -k**3 + 23*k**2 + 87*k - 40. List the prime factors of v(13).
3, 103
Suppose 4*t = -3*k + 15315, 15336 = 4*t - 5*k + k. What are the prime factors of t?
3, 1277
Suppose -322 - 308 = -3*j. Suppose -3*u + 687 = -j. What are the prime factors of u?
13, 23
What are the prime factors of (-8)/((3/2 - 2)*666/4016313)?
2, 7, 1723
Let m = -1 - -4. Suppose -m*l + 3*x = 2*l - 640, 4*x = -4*l + 544. Suppose -6*r = -l - 625. What are the prime factors of r?
2, 3, 7
Let r = -1135 - -13935. List the prime factors of r.
2, 5
Let x(s) = 509*s**2 + 108*s + 3. What are the prime factors of x(5)?
2, 31, 107
Let k = -268 - -168. Let h be (-120)/k*10/(-1). List the prime factors of (0 - (-8)/h)*69/(-2).
23
Let a be (-4)/(2 - (-278)/(-138)). Suppose -5*x = 25, -i - 4*x + 53 = 60. Suppose -17*t + i*t = -a. List the prime factors of t.
3, 23
Suppose 5*o + 13 = -3*b, 2*b + 4*o - 1 = -11. Let j be (-110 + b)*22/(-33). Suppose j = -2*v + 354. What are the prime factors of v?
2, 5, 7
What are the prime factors of -2*(59784/(6/(-2)) + 7)?
2, 11, 1811
Let u(w) = w**3 + 85*w**2 - 382*w - 535. List the prime factors of u(-88).
3, 7, 67
Suppose 9 - 8 = l. Suppose 4 - l = h. Suppose u - 57 = -2*m + 7*m, -3*m = -h*u + 219. What are the prime factors of u?
7, 11
Let y(a) be the first derivative of -37*a**2 - 19*a + 62. List the prime factors of y(-4).
277
Suppose 3*v + 2*o - 34309 = 14795, 4*o = -0*o. What are the prime factors of v?
2, 3, 11, 31
Let a(q) = 677*q - 877. List the prime factors of a(11).
2, 3, 5, 73
Let t(j) = 15*j**3 - 6*j**2 + 1. Let h(d) = -d**3 - d**2 + d - 1. Let c(a) = -6*h(a) + t(a). List the prime factors of c(2).
163
Let t(c) = 17*c**2 - 16*c + 5. Let o be t(12). Let h = o - 1609. List the prime factors of h.
2, 163
Let j = -6890 - -33030. List the prime factors of j.
2, 5, 1307
Let i = 22 + -16. Let q(l) be the second derivative of 5*l**4/12 - 3*l**3/2 + l**2/2 - 4*l + 3. What are the prime factors of q(i)?
127
Let v(n) = 24*n + 113. Let s be v(12). Let h = s - 46. List the prime factors of h.
5, 71
Let p(k) = 29*k - 280. Let m be p(10). What are the prime factors of 11624/m + -4 + 6/10?
19, 61
Suppose 0 = l - 3*l. Suppose 4*d + 2*d - 306 = l. What are the prime factors of d*(-5)/15*-3?
3, 17
Let l(o) = -896*o - 1808. What are the prime factors of l(-9)?
2, 17, 23
Let t(a) = -4*a**2 + 2*a - 430. Let z be t(0). Let c = -189 - z. What are the prime factors of c?
241
Let i be 12/(-14)*(-32 - 38). Suppose -187 = -19*g + i. What are the prime factors of g?
13
Let f = 113 + -98. Suppose -197*y + f = -194*y. Suppose 0*k - 350 = -y*m + 5*k, -4 = -2*k. What are the prime factors of m?
2, 3
Let r(u) = -198*u**2 - 33*u + 182. Let q(d) = -66*d**2 - 11*d + 61. Let s(y) = 11*q(y) - 4*r(y). List the prime factors of s(4).
7, 149
Suppose 1200287 = 9*h + h + 9*h. List the prime factors of h.
11, 5743
Let n be 2/(-9) + 310/18. Suppose 22*f = n*f - 90. What are the prime factors of (-4816)/(-36) + ((-20)/f)/5?
2, 67
Suppose -798*x + 809*x = -66. Let y(u) = -2 - 27*u - 24 - 6. List the prime factors of y(x).
2, 5, 13
Suppose 3*n = 2*a + 214, -n + 112 - 39 = a. Let x = 69 - n. Let r(h) = h**3 + 5*h**2 + 3*h - 1. What are the prime factors of r(x)?
2
Let j(q) = 210*q**3 - 2*q**2 + 14*q - 39. Let a be j(3). List the prime factors of 1 + a/9 + (-8)/(-12).
2, 3, 5, 7
Suppose -2257 = -9*a + 18677. What are the prime factors of a?
2, 1163
Let j(x) = 18*x + 104. Suppose -4*h = 4*q - 44, 0 = h + 4. What are the prime factors of j(q)?
2, 11, 17
Let p be (-20)/15*(-3)/(-2). Let i be (11 + -10)/(p/(-6)). Suppose -9*h - i*h = -1812. What are the prime factors of h?
151
Let f be 6903/234*(0 + 2). Suppose -f*l = -33*l - 19526. List the prime factors of l.
751
Suppose -5*m + 4*d = -3*d - 131375, m = -2*d + 26258. What are the prime factors of m?
2, 3, 11, 199
Let d be 2/4 + (-1)/(1 + 1). What are the prime factors of 122/((-7)/42*(d + -3))?
2, 61
Let w = -180 - -487. Suppose -9*s + w - 37 = 0. List the prime factors of s.
2, 3, 5
Let o be (210/(-40) + 6)*6*4. Suppose 2*v = 3*q + 8, -3*q + o = 5*v - 2. Suppose q = n + 91 - 309. List the prime factors of n.
2, 109
Let i be (-5586)/(-21)*((-25)/2)/(-5). Let q = i + -80. List the prime factors of q.
3, 5, 13
Let u(k) = 8*k**2 + 6. Let o(d) = -9*d**2 - 7. Let l(x) = 6*o(x) + 7*u(x). Let v be l(1). List the prime factors of 528/15 + v/(-10).
5, 7
Suppose -5*a - 5 = -40. Let z(b) = b**3 - 8*b**2 + 6*b + 9. Let o be z(a). Suppose -2*m - o*n + 9 = -7, -m - 4*n = -11. What are the prime factors of m?
7
Suppose -5*n = 2*r + 15, -4*r + n + 0 = -25. Suppose 4*h = 4*m + 180, -r*m - 36 = -h - 11. List the prime factors of (-4)/5*-113 + 30/h.
7, 13
Let m = 377 - 236. Suppose -12*c = -9*c - m. List the prime factors of c.
47
Suppose -3*s + 2*n = -8*s + 2016, -2012 = -5*s - 4*n. Let j = -251 + s. Let a = j + -55. List the prime factors of a.
2, 7
Let d(h) = -h**2 - 17*h + 80. Let z be d(-21). List the prime factors of -274*(1 - (-8)/z).
2, 137
Let t(q) = 21*q**3 - 2*q**2 - 21*q + 10. List the prime factors of t(7).
2, 13, 67
Let j(u) = 368*u - 8. Let o be j(4). Suppose 5*a - 720 = -l - l, o = 4*l + 4*a. Suppose 0*w = 5*w + 3*q - 378, 5*w - 5*q = l. List the prime factors of w.
3, 5
Suppose 21047 = -3*x - 5*d + 63794, 0 = 5*d + 30. What are the prime factors of x?
3, 7, 97
Let j(v) = -v**2 + 4*v + 5. Let f be j(6). What are the prime factors of (-1605)/f - (48/56)/3?
229
Let j = -10778 + 20913. What are the prime factors of j?
5, 2027
Let x be ((-9)/(-12))/(2/(-16)). Let s be (x/(-4))/(2/(-4)) - -11. Suppose -s*t + 257 = -15. What are the prime factors of t?
2, 17
Let r = 89 + 160. Let i = r + 436. What are the prime factors of i?
5, 137
Let x be (-6)/((-3)/16*2). Suppose 5*d = -t + 166, -x + 1 = -5*d. List the prime factors of t.
151
List the prime factors of 65/(975/487260) - -9.
3, 10831
Suppose 3*n - 179 = -4*z, n = 5*z + 3*n - 229. Suppose -z*s + 33423 = -8*s. What are the prime factors of s?
857
Let b = 85 + -80. Suppose t - 558 = -4*v + 22, 2*v - b*t - 312 = 0. What are the prime factors of v?
2, 73
What are the prime factors of (-838116)/248*66/(-27)?
11, 751
List the prime factors of ((-70)/168)/((-5)/2) + 210198/36.
5839
Suppose -48*r = -29*r - 532. List the prime factors of 4025/r + ((-2)/(-8) - 0).
2, 3
Suppose 0 = 2*g - 4 + 8. Let o(k) = 4*k**2 - 6*k - 6. Let b be o(g). Let l = -6 + b. List the prime factors of l.
2
Suppose -a + 3756 = 606. Suppose 13*k + 5*k - a = 0. What are the prime factors of k?
5, 7
Let g be ((-2424)/(-10) - -8)/((-2)/(-60)). Suppose 11*f + f = g. List the prime factors of f.
2, 313
Let g(n) = -106*n**2 + 9 + 5*n + 320*n**2 - 109*n**2 - 101*n**2. Suppose 5*t = x + 8, -3 = 2*x + 4*t - t. List the prime factors of g(x).
2, 3, 5
Let f(a) = a**2 - 28. Suppose -38 - 6 = 4*o. Let x be f(o). Let g = 125 - x. What are the prime factors of g?
2
Let a(u) = -u**3 - 2*u**2 + 100*u + 24399. List the prime factors of a(0).
3, 2711
Let q be 27/18 + -5*2/(-4)